5 is divided by h.
5
Suppose -2*q + 0*q - 274 = 0. Let i = 143 + q. Calculate the remainder when 20 is divided by (4/(-14) - (-180)/189)*i.
0
Let v(o) = -5*o**3 + 3*o**2 + 2. Let t be v(3). Let a = 122 + t. Calculate the remainder when a is divided by 10.
6
Suppose 2*y - 684 = -4*i, 4 + 2 = y. Calculate the remainder when 710 is divided by i.
38
Suppose 2*z - 89504 = -36*z + 6*z. What is the remainder when z is divided by 85?
77
Let j be (2 - 4)/(35/7)*-15. Let z(g) = 6*g - 27. Calculate the remainder when 13 is divided by z(j).
4
Let d = -12 + 17. Suppose y - 5*j - d = 0, -y - 25 = -2*y + j. Calculate the remainder when y is divided by (0 - -16) + -3*(-7 - 66/(-9)).
0
Let g = 476 + -313. Let v = 184 - g. Calculate the remainder when 38 is divided by v.
17
Let q = -904 + 927. Let n(b) = 7*b**2 + 2*b + 1. Calculate the remainder when q is divided by n(-1).
5
Suppose -5089 = -t + 2*k, 5*t - 3*k = 9*t - 20345. Suppose 50*i = t + 2213. What is the remainder when i is divided by 45?
11
Suppose -3*b - 5*p - 10 = 0, 4*b - 4*p = -b + 8. Let c(l) = 28*l + 541. Calculate the remainder when c(b) is divided by 68.
65
Let v be (-5974)/(-10) - 18/(-30). Suppose 0 = -5*s + 3*q + 171 + 241, -s - 4*q = -64. Calculate the remainder when s is divided by (-24)/132 + v/22.
26
Let q(u) = -2*u**2 - 563*u - 4797. Calculate the remainder when ((-14)/3)/((-2)/96) is divided by q(-9).
8
What is the remainder when 32/80 - ((-1145324)/140 + (-14)/(-49)) is divided by 11?
8
What is the remainder when (8480/12)/8*(4 + -1) is divided by 74?
43
Suppose 0 = -10*q + 12*q - 6, u + 5*q = 38. Let h(m) = -m**2 - 5*m. Let b be h(-6). What is the remainder when (b/(-2))/(18/408) is divided by u?
22
Let i(z) = -z**3 - 34*z**2 - 36*z - 96. Let v be -6*(-112)/(-21) - 1. Let f(c) = 3*c. Calculate the remainder when f(3) is divided by i(v).
0
Let l be ((-20)/70)/((-5)/105). Suppose -l*f + 1388 = 212. Calculate the remainder when f is divided by 50.
46
Let w(o) = 4*o + 94. Calculate the remainder when 438/(-15)*6/(36/(-30)) is divided by w(-11).
46
Let v(m) = 12*m**2 - 20*m + 4. Let h be v(7). Suppose 0 = -6*r + h + 328. What is the remainder when r is divided by 17?
11
Let s(v) = 5*v**3 - 4*v**2 - 12*v - 76. Let z(a) = a**3 - 1. Let x(g) = s(g) - 6*z(g). Calculate the remainder when 52 is divided by x(-5).
7
Let g(x) = 1226*x**3 - 4*x**2 + 6*x - 4. Let d be g(2). Suppose -6*z = 22*z - d. Calculate the remainder when z is divided by 13.
12
Let d(f) = f**2 + 7*f - 8. Let t be d(-9). Calculate the remainder when 17 is divided by (-21)/(-7)*t/15.
1
Let l = -15 - -18. Suppose l*a - 431 = -5*w + a, 5*a - 251 = -3*w. Suppose -9*h + 313 = 223. What is the remainder when w is divided by h?
7
Suppose 0*z = 7*z - 61 - 37. Calculate the remainder when 2882 is divided by z.
12
Let q be 4 - ((-3)/(-1 - -4))/(-1). Let z(p) = -p**3 - q*p**2 - 12 + 0*p**2 - 12*p - 1 - 7*p**2. Calculate the remainder when z(-9) is divided by 5.
4
Suppose -451 = -4*w - x, -1 = 43*x - 42*x. Suppose -t + 17 = 5*j, t = 4*t - 5*j - 51. Calculate the remainder when w is divided by t.
11
Suppose -19*n + 14569 = -2*n. Suppose 5*j - n = -4*s, 3*j + 14 - 541 = 4*s. What is the remainder when j is divided by 36?
29
Let n = -61 - -95. Let w = 40 - n. Let x = 66 + w. What is the remainder when x is divided by 19?
15
Let g be 1 + 5/(-10)*-8. Suppose -3*f = -12, 5*r + g*f + 261 = 676. What is the remainder when r is divided by 14?
9
Suppose -2*q = 45 + 95. Suppose 12 = s + p, -s + p + 27 = -3*p. What is the remainder when 2*5*(-301)/q is divided by s?
13
Calculate the remainder when ((-369)/(-36) - 11) + (-1197)/(-12) is divided by 29.
12
Let y(p) = 39*p**2 - 116*p**2 + 39*p**2 - 13*p**3 - 5 + 41*p**2. What is the remainder when y(-3) is divided by 34?
33
Let y(q) = -q**3 + 32. Let m = 121193 + -121113. Calculate the remainder when m is divided by y(0).
16
Suppose 47*c - 485 = 8*c + 11020. Calculate the remainder when c is divided by 8.
7
Suppose -2*n - 97 = -j - 3*n, j = 2*n + 91. Let v = j + -88. Calculate the remainder when 57 is divided by (-142)/(-14) - 1/v.
7
Let k be (-2 - -14)/3 + 175*2. Let p(l) = -l - 272 - 2*l + k + l. What is the remainder when p(18) is divided by 16?
14
Let a(i) = 5 + 11 + 4 - 15 - 6*i. Let o(s) = -13*s + 11. Let g(u) = -9*a(u) + 4*o(u). What is the remainder when 18 is divided by g(3)?
3
Let s be -2 - (3 - 2) - 4. Suppose -4*c - 3*p = -28, -5*c + 70 = -5*p - 0. What is the remainder when (-4)/(s/(609/6)) is divided by c?
8
Let z(j) = -465*j - 3. Let g be z(-1). Let u = g - 84. Suppose 11*q = 2*q + u. Calculate the remainder when 125 is divided by q.
41
Let i(o) = 6*o**2 - 49*o + 811. What is the remainder when i(43) is divided by 70?
68
Let w(j) = 25 - 44 + 73 - 7*j - 1. What is the remainder when w(-16) is divided by 28?
25
Calculate the remainder when 3771 is divided by (-2)/(-7) - (-15 + (-36)/21).
14
Let f = -2173 + 2249. What is the remainder when f is divided by 36?
4
Let y be (-6 - (-204)/20) + (-2)/10. Suppose 131 = y*f + 23. What is the remainder when 213 is divided by f?
24
Let p be 2 - (3 + 2) - (11 + -15). What is the remainder when 50 is divided by (6 - 1)*3 - p?
8
Let g(x) = 2*x**2 - 23*x - 34. Let s be g(13). Suppose -2*f + v - 10 = -3*f, 3*v = s*f - 90. Calculate the remainder when 42 is divided by f.
12
Let i = -465 + 611. Suppose 0 = -16*d + i + 126. What is the remainder when 233 is divided by d?
12
Let g(b) = -b**3 - b**2 + 22*b + 45. Let n be g(-3). Let u(c) = -c**2 - 5*c - 2. Let r be u(-5). What is the remainder when (n/(-6)*-61)/(r/4) is divided by 21?
19
Let w be ((-1)/2)/(10/20). What is the remainder when (308/112)/(w/(-48)) is divided by 15?
12
Let s(j) = -j**2 - 12*j - 18. Let f be s(-8). Suppose 0 = -3*v + a + f, -14 = -v + 2*a - 4*a. What is the remainder when 59 is divided by v?
5
Suppose 4*i - 299 = 11*n - 12*n, -3*i + 223 = n. What is the remainder when 1367 is divided by i?
75
Let r(z) = -z**3 - 4*z**2 + 151*z + 1065. What is the remainder when 323 is divided by r(-7)?
13
Let x(l) = -l**2 + 210*l - 16. What is the remainder when x(13) is divided by 67?
66
Let c = 765 - 227. Suppose -405 = 7*l - c. What is the remainder when 165 is divided by l?
13
Let g(z) = -59*z + 3633. Calculate the remainder when 89 is divided by g(61).
21
Suppose 129*l - 134*l = -375. Suppose 2*s = -3*r + l, 3*r = 15*s - 13*s + 87. What is the remainder when 40 is divided by r?
13
Suppose -4*i + i + 30 = 0. Let h(v) = 24*v - 8. Let z be h(9). Suppose -182 - z = -10*w. Calculate the remainder when w is divided by i.
9
Let p be (0 - 2)*(-1 + -1). Suppose p*f - 43 + 3 = 0. Suppose 3362 = -404*z + 11038. Calculate the remainder when z is divided by f.
9
Let v be (9*6/(-12))/((-3)/124). Suppose 4*z = d + 372, -d = 2*z - 0*d - v. Calculate the remainder when z is divided by 6.
3
Suppose 220*o - 197*o = 1932. Let w = 66 + -33. Let i = 62 - w. What is the remainder when o is divided by i?
26
Suppose 189 = -4*u + 215 + 290. Calculate the remainder when 791 is divided by u.
1
Let l(h) = 84*h + 1365. Calculate the remainder when 120 is divided by l(-16).
15
Let d(k) = -2*k + 6. Let u be d(2). Suppose 5*j + 105 = u*j. What is the remainder when 99 is divided by (-1 - -1) + 55 + j?
19
Calculate the remainder when -7589*(-2)/16 + 291/776 is divided by 25.
24
Calculate the remainder when 18 + 53/(-3) + (-23118)/(-9) is divided by 856.
1
Suppose 2*r = 3*l - 200, 3*l - r - 94 = 105. Let z = l - 38. Calculate the remainder when 82 is divided by z.
26
Calculate the remainder when 147118/119 - (6/8 + 26/(-56)) is divided by 38.
20
Suppose -5880 = 12*j - 2*j. What is the remainder when 45 is divided by 8/(-14)*j/24?
3
Suppose -367 = -32*c + 1540 + 461. What is the remainder when c is divided by 14?
4
What is the remainder when (-7833)/(-9)*(-396)/(-154) is divided by 32?
30
Let b(k) = k**3 + 58*k**2 - 327*k - 325. What is the remainder when b(-63) is divided by 27?
26
Suppose -20*i + 15124 = 8*i - 18056. What is the remainder when i is divided by 16?
1
Let t(d) = -d - 1. What is the remainder when 3289/253 - 4/(-10)*1*5 is divided by t(-7)?
3
Let c = -109488 + 109508. Let h be (-2)/(-4) - 105/6. Calculate the remainder when c is divided by h/(-5) + 4/(-10).
2
Let s(o) = 5*o**2 - 71*o + 494. What is the remainder when